te the remainder when 2963895 is divided by 987952.
39
Calculate the remainder when 318753 is divided by 3887.
19
What is the remainder when 473185715 is divided by 92?
91
Calculate the remainder when 5670 is divided by 806.
28
Calculate the remainder when 1671705 is divided by 9776.
9
Calculate the remainder when 67155 is divided by 65064.
2091
What is the remainder when 102305840 is divided by 88?
32
Calculate the remainder when 371051 is divided by 255.
26
What is the remainder when 1306777 is divided by 156?
121
What is the remainder when 5546090 is divided by 1386520?
10
What is the remainder when 126364 is divided by 25185?
439
Calculate the remainder when 8296 is divided by 3704.
888
What is the remainder when 277441 is divided by 607?
42
Calculate the remainder when 15877590 is divided by 67.
64
Calculate the remainder when 47467387 is divided by 15822449.
40
Calculate the remainder when 31867886 is divided by 538.
532
Calculate the remainder when 1616936 is divided by 9976.
824
Calculate the remainder when 3800332 is divided by 19095.
427
What is the remainder when 549053 is divided by 183010?
23
What is the remainder when 49169 is divided by 12282?
41
Calculate the remainder when 307 is divided by 65.
47
What is the remainder when 763133 is divided by 322?
315
Calculate the remainder when 213377 is divided by 323.
197
Calculate the remainder when 1350944 is divided by 3732.
3692
Calculate the remainder when 30669832 is divided by 467.
74
Calculate the remainder when 100136 is divided by 1852.
128
Calculate the remainder when 3647398 is divided by 1823647.
104
Calculate the remainder when 510313 is divided by 366.
109
What is the remainder when 47835 is divided by 2158?
359
What is the remainder when 13613089 is divided by 337?
311
Calculate the remainder when 1950291 is divided by 316.
255
Calculate the remainder when 332279 is divided by 109736.
3071
What is the remainder when 580072 is divided by 32226?
4
What is the remainder when 178957 is divided by 10764?
6733
What is the remainder when 17387 is divided by 3477?
2
Calculate the remainder when 30121 is divided by 5017.
19
Calculate the remainder when 2099823 is divided by 209981.
13
Calculate the remainder when 68375 is divided by 164.
151
Calculate the remainder when 397412 is divided by 424.
124
What is the remainder when 1088507 is divided by 361801?
3104
What is the remainder when 10874093 is divided by 2335?
2333
Calculate the remainder when 2492548216 is divided by 3246.
3244
Calculate the remainder when 2454724 is divided by 7074.
46
Calculate the remainder when 123905 is divided by 30364.
2449
Calculate the remainder when 26517 is divided by 2420.
2317
What is the remainder when 4459492 is divided by 14?
2
Calculate the remainder when 91355786 is divided by 15225959.
32
What is the remainder when 69712574 is divided by 444029?
21
What is the remainder when 18976 is divided by 297?
265
What is the remainder when 94110 is divided by 4?
2
Calculate the remainder when 3097409 is divided by 293.
106
What is the remainder when 2127369 is divided by 23?
7
Calculate the remainder when 134098223 is divided by 67049109.
5
Calculate the remainder when 2140796 is divided by 932.
924
What is the remainder when 33664112 is divided by 169?
157
Calculate the remainder when 1098395 is divided by 2679.
5
What is the remainder when 4064 is divided by 1932?
200
What is the remainder when 1531495 is divided by 382862?
47
Calculate the remainder when 2659584 is divided by 83110.
64
What is the remainder when 61558 is divided by 15322?
270
Calculate the remainder when 4305682 is divided by 3879.
3871
What is the remainder when 21253436 is divided by 960?
956
What is the remainder when 53175 is divided by 17626?
297
Calculate the remainder when 138521 is divided by 560.
201
Calculate the remainder when 32055505 is divided by 16027737.
31
Calculate the remainder when 988894 is divided by 14127.
4
What is the remainder when 467330716 is divided by 3289?
3284
What is the remainder when 548063 is divided by 78285?
68
Calculate the remainder when 3210634 is divided by 291806.
768
What is the remainder when 15275 is divided by 1198?
899
Calculate the remainder when 115112 is divided by 684.
200
What is the remainder when 1943557 is divided by 647706?
439
Calculate the remainder when 339772 is divided by 37.
1
Calculate the remainder when 1032907 is divided by 22952.
67
What is the remainder when 684287974 is divided by 35?
34
What is the remainder when 114633 is divided by 4617?
3825
Calculate the remainder when 25558709 is divided by 15434.
5
What is the remainder when 7822093 is divided by 13651?
70
Calculate the remainder when 99370 is divided by 1007.
684
What is the remainder when 575652 is divided by 6468?
0
What is the remainder when 38705 is divided by 12778?
371
What is the remainder when 41346779 is divided by 10336693?
7
What is the remainder when 102744 is divided by 20055?
2469
Calculate the remainder when 1456002 is divided by 23841.
1701
What is the remainder when 3539215 is divided by 23132?
19
What is the remainder when 9874672 is divided by 69?
13
What is the remainder when 94898664 is divided by 24649?
14
What is the remainder when 1641846 is divided by 32193?
3
What is the remainder when 96214 is divided by 1158?
100
Calculate the remainder when 305483 is divided by 30544.
43
What is the remainder when 428813 is divided by 2466?
2195
Calculate the remainder when 205892 is divided by 8982.
8288
Calculate the remainder when 8110592 is divided by 794.
676
What is the remainder when 18082869 is divided by 1204?
1197
Calculate the remainder when 905901 is divided by 2531.
2334
Calculate the remainder when 31204 is divided by 4596.
3628
Calculate the remainder when 24142013 is divided by 1420115.
58
What is the remainder when 21376769 is divided by 435?
434
Calculate the remainder when 251244 is divided by 175.
119
Calculate the remainder when 2595778 is divided by 2586.
2020
Calculate the remainder when 158964814 is divided by 6.
4
What is the remainder when 22417 is divided by 589?
35
What is the remainder when 64234 is divided by 2692?
2318
What is the remainder when 367277 is divided by 11847?
20
What is the remainder when 2126924 is divided by 106342?
84
Calculate the remainder when 2545550 is divided by 6629.
14
Calculate the remainder when 8824867 is divided by 36.
7
What is the remainder when 391912 is divided by 370?
82
Calculate the remainder when 1653718 is divided by 680.
638
What is the remainder when 104355 is divided by 267?
225
What is the remainder when 27733214 is divided by 92?
90
Calculate the remainder when 13610715 is divided by 482.
481
Calculate the remainder when 1272295 is divided by 354.
19
Calculate the remainder when 2185933 is divided by 96.
13
What is the remainder when 16414 is divided by 8155?
104
What is the remainder when 1603599 is divided by 14?
11
Calculate the remainder when 7622514 is divided by 28.
18
Calculate the remainder when 3946096 is divided by 1972819.
458
Calculate the remainder when 29763 is divided by 9855.
198
Calculate the remainder when 3085651 is divided by 487.
19
What is the remainder when 121279 is divided by 287?
165
What is the remainder when 169482 is divided by 21175?
82
Calculate the remainder when 10897464 is divided by 10897431.
33
What is the remainder when 7362510 is divided by 653?
588
Calculate the remainder when 31288 is divided by 15554.
180
Calculate the remainder when 4016169 is divided by 71.
54
Calculate the remainder when 5941334 is divided by 7511.
133
What is the remainder when 39319070 is divided by 1222?
1220
Calculate the remainder when 4124821 is divided by 209.
206
Calculate the remainder when 7459101 is divided by 1287.
936
Calculate the remainder when 69777 is divided by 85.
77
What is the remainder when 91473906 is divided by 261354?
6
Calculate the remainder when 136505431 is divided by 7.
6
What is the remainder when 672871 is divided by 301?
136
Calculate the remainder when 1594682 is divided by 19.
12
What is the remainder when 45765 is divided by 770?
335
Calculate the remainder when 5029463 is divided by 11353.
84
What is the remainder when 1398389 is divided by 466122?
23
What is the remai